{"id":207,"date":"2017-11-19T19:34:16","date_gmt":"2017-11-19T18:34:16","guid":{"rendered":"http:\/\/lystfiskerforening.dk\/?page_id=207"},"modified":"2017-11-19T19:35:56","modified_gmt":"2017-11-19T18:35:56","slug":"repraesenteret-i","status":"publish","type":"page","link":"https:\/\/lystfiskerforening.dk\/?page_id=207","title":{"rendered":"Repr\u00e6senteret i"},"content":{"rendered":"<p><img loading=\"lazy\" decoding=\"async\" class=\"size-medium wp-image-208 aligncenter\" src=\"https:\/\/lystfiskerforening.dk\/wp-content\/uploads\/2017\/11\/machinery-2831327_640-292x300.png\" alt=\"\" width=\"292\" height=\"300\" srcset=\"https:\/\/lystfiskerforening.dk\/wp-content\/uploads\/2017\/11\/machinery-2831327_640-292x300.png 292w, https:\/\/lystfiskerforening.dk\/wp-content\/uploads\/2017\/11\/machinery-2831327_640-410x422.png 410w, https:\/\/lystfiskerforening.dk\/wp-content\/uploads\/2017\/11\/machinery-2831327_640-100x103.png 100w, https:\/\/lystfiskerforening.dk\/wp-content\/uploads\/2017\/11\/machinery-2831327_640-275x283.png 275w, https:\/\/lystfiskerforening.dk\/wp-content\/uploads\/2017\/11\/machinery-2831327_640.png 622w\" sizes=\"auto, (max-width: 292px) 100vw, 292px\" \/><\/p>\n<p>&nbsp;<\/p>\n<p>Odder Sportsfiskerforening deltager aktivt i lokalsamfundet. Det betyder at n\u00e5r muligheden tilbyder sig . S\u00e5 deltager vi i forening gerne i det h\u00e5rde fysisk arbejde, s\u00e5vel som det politiske arbejde med natur i fokus. Det har hen af vejen betydet, at vi har f\u00e5et et godt samarbejde op at k\u00f8re med diverse lodsejere, samt kommunen.<\/p>\n<p>&nbsp;<\/p>\n<h4><strong>Aktuelt politisk<\/strong><\/h4>\n<p>I Odder Kommune er vi en del af\u00a0<a href=\"https:\/\/lystfiskerforening.dk\/groent-raad\/\" target=\"_blank\" rel=\"noopener\">Gr\u00f8nt R\u00e5d<\/a>, hvor vi i samarbejde med en r\u00e6kke andre organisationer r\u00e5dgiver kommunen omkring natur.<\/p>\n<p>Senest har vi ogs\u00e5 deltaget i arbejdet omkring <a href=\"https:\/\/lystfiskerforening.dk\/vandraad-2017\/\" target=\"_blank\" rel=\"noopener\">Vandr\u00e5d 2017<\/a>, hvor form\u00e5let bl.a. var at udpege i kunstige og st\u00e6rkt modificeret vandl\u00f8b i opland Horsens Fjord.<\/p>\n","protected":false},"excerpt":{"rendered":"<p>&nbsp; Odder Sportsfiskerforening deltager aktivt i lokalsamfundet. Det betyder at n\u00e5r muligheden tilbyder sig . S\u00e5 deltager vi i forening gerne i det h\u00e5rde fysisk arbejde, s\u00e5vel som det politiske arbejde med natur i fokus. Det har hen af vejen betydet, at vi har f\u00e5et et godt samarbejde op at k\u00f8re med diverse lodsejere, samt [&hellip;]<\/p>\n","protected":false},"author":1,"featured_media":208,"parent":0,"menu_order":0,"comment_status":"closed","ping_status":"closed","template":"","meta":{"footnotes":""},"class_list":["post-207","page","type-page","status-publish","has-post-thumbnail","hentry"],"yoast_head":"<!-- This site is optimized with the Yoast SEO plugin v27.5 - https:\/\/yoast.com\/product\/yoast-seo-wordpress\/ -->\n<title>Repr\u00e6senteret i - Odder Sportsfiskerforening<\/title>\n<meta name=\"robots\" content=\"index, follow, max-snippet:-1, max-image-preview:large, max-video-preview:-1\" \/>\n<link rel=\"canonical\" href=\"https:\/\/lystfiskerforening.dk\/?page_id=207\" \/>\n<meta property=\"og:locale\" content=\"da_DK\" \/>\n<meta property=\"og:type\" content=\"article\" \/>\n<meta property=\"og:title\" content=\"Repr\u00e6senteret i - Odder Sportsfiskerforening\" \/>\n<meta property=\"og:description\" content=\"&nbsp; Odder Sportsfiskerforening deltager aktivt i lokalsamfundet. Det betyder at n\u00e5r muligheden tilbyder sig . S\u00e5 deltager vi i forening gerne i det h\u00e5rde fysisk arbejde, s\u00e5vel som det politiske arbejde med natur i fokus. Det har hen af vejen betydet, at vi har f\u00e5et et godt samarbejde op at k\u00f8re med diverse lodsejere, samt [&hellip;]\" \/>\n<meta property=\"og:url\" content=\"https:\/\/lystfiskerforening.dk\/?page_id=207\" \/>\n<meta property=\"og:site_name\" content=\"Odder Sportsfiskerforening\" \/>\n<meta property=\"article:publisher\" content=\"https:\/\/www.facebook.com\/odderfisker\/\" \/>\n<meta property=\"article:modified_time\" content=\"2017-11-19T18:35:56+00:00\" \/>\n<meta property=\"og:image\" content=\"https:\/\/lystfiskerforening.dk\/wp-content\/uploads\/2017\/11\/machinery-2831327_640.png\" \/>\n\t<meta property=\"og:image:width\" content=\"622\" \/>\n\t<meta property=\"og:image:height\" content=\"640\" \/>\n\t<meta property=\"og:image:type\" content=\"image\/png\" \/>\n<meta name=\"twitter:card\" content=\"summary_large_image\" \/>\n<meta name=\"twitter:label1\" content=\"Estimeret l\u00e6setid\" \/>\n\t<meta name=\"twitter:data1\" content=\"1 minut\" \/>\n<script type=\"application\/ld+json\" class=\"yoast-schema-graph\">{\"@context\":\"https:\\\/\\\/schema.org\",\"@graph\":[{\"@type\":\"WebPage\",\"@id\":\"https:\\\/\\\/lystfiskerforening.dk\\\/?page_id=207\",\"url\":\"https:\\\/\\\/lystfiskerforening.dk\\\/?page_id=207\",\"name\":\"Repr\u00e6senteret i - Odder Sportsfiskerforening\",\"isPartOf\":{\"@id\":\"https:\\\/\\\/lystfiskerforening.dk\\\/#website\"},\"primaryImageOfPage\":{\"@id\":\"https:\\\/\\\/lystfiskerforening.dk\\\/?page_id=207#primaryimage\"},\"image\":{\"@id\":\"https:\\\/\\\/lystfiskerforening.dk\\\/?page_id=207#primaryimage\"},\"thumbnailUrl\":\"https:\\\/\\\/lystfiskerforening.dk\\\/wp-content\\\/uploads\\\/2017\\\/11\\\/machinery-2831327_640.png\",\"datePublished\":\"2017-11-19T18:34:16+00:00\",\"dateModified\":\"2017-11-19T18:35:56+00:00\",\"breadcrumb\":{\"@id\":\"https:\\\/\\\/lystfiskerforening.dk\\\/?page_id=207#breadcrumb\"},\"inLanguage\":\"da-DK\",\"potentialAction\":[{\"@type\":\"ReadAction\",\"target\":[\"https:\\\/\\\/lystfiskerforening.dk\\\/?page_id=207\"]}]},{\"@type\":\"ImageObject\",\"inLanguage\":\"da-DK\",\"@id\":\"https:\\\/\\\/lystfiskerforening.dk\\\/?page_id=207#primaryimage\",\"url\":\"https:\\\/\\\/lystfiskerforening.dk\\\/wp-content\\\/uploads\\\/2017\\\/11\\\/machinery-2831327_640.png\",\"contentUrl\":\"https:\\\/\\\/lystfiskerforening.dk\\\/wp-content\\\/uploads\\\/2017\\\/11\\\/machinery-2831327_640.png\",\"width\":622,\"height\":640},{\"@type\":\"BreadcrumbList\",\"@id\":\"https:\\\/\\\/lystfiskerforening.dk\\\/?page_id=207#breadcrumb\",\"itemListElement\":[{\"@type\":\"ListItem\",\"position\":1,\"name\":\"Hjem\",\"item\":\"https:\\\/\\\/lystfiskerforening.dk\\\/\"},{\"@type\":\"ListItem\",\"position\":2,\"name\":\"Repr\u00e6senteret i\"}]},{\"@type\":\"WebSite\",\"@id\":\"https:\\\/\\\/lystfiskerforening.dk\\\/#website\",\"url\":\"https:\\\/\\\/lystfiskerforening.dk\\\/\",\"name\":\"Odder Sportsfiskerforening\",\"description\":\"Stiftet i 1945\",\"potentialAction\":[{\"@type\":\"SearchAction\",\"target\":{\"@type\":\"EntryPoint\",\"urlTemplate\":\"https:\\\/\\\/lystfiskerforening.dk\\\/?s={search_term_string}\"},\"query-input\":{\"@type\":\"PropertyValueSpecification\",\"valueRequired\":true,\"valueName\":\"search_term_string\"}}],\"inLanguage\":\"da-DK\"}]}<\/script>\n<!-- \/ Yoast SEO plugin. -->","yoast_head_json":{"title":"Repr\u00e6senteret i - Odder Sportsfiskerforening","robots":{"index":"index","follow":"follow","max-snippet":"max-snippet:-1","max-image-preview":"max-image-preview:large","max-video-preview":"max-video-preview:-1"},"canonical":"https:\/\/lystfiskerforening.dk\/?page_id=207","og_locale":"da_DK","og_type":"article","og_title":"Repr\u00e6senteret i - Odder Sportsfiskerforening","og_description":"&nbsp; Odder Sportsfiskerforening deltager aktivt i lokalsamfundet. Det betyder at n\u00e5r muligheden tilbyder sig . S\u00e5 deltager vi i forening gerne i det h\u00e5rde fysisk arbejde, s\u00e5vel som det politiske arbejde med natur i fokus. Det har hen af vejen betydet, at vi har f\u00e5et et godt samarbejde op at k\u00f8re med diverse lodsejere, samt [&hellip;]","og_url":"https:\/\/lystfiskerforening.dk\/?page_id=207","og_site_name":"Odder Sportsfiskerforening","article_publisher":"https:\/\/www.facebook.com\/odderfisker\/","article_modified_time":"2017-11-19T18:35:56+00:00","og_image":[{"width":622,"height":640,"url":"https:\/\/lystfiskerforening.dk\/wp-content\/uploads\/2017\/11\/machinery-2831327_640.png","type":"image\/png"}],"twitter_card":"summary_large_image","twitter_misc":{"Estimeret l\u00e6setid":"1 minut"},"schema":{"@context":"https:\/\/schema.org","@graph":[{"@type":"WebPage","@id":"https:\/\/lystfiskerforening.dk\/?page_id=207","url":"https:\/\/lystfiskerforening.dk\/?page_id=207","name":"Repr\u00e6senteret i - Odder Sportsfiskerforening","isPartOf":{"@id":"https:\/\/lystfiskerforening.dk\/#website"},"primaryImageOfPage":{"@id":"https:\/\/lystfiskerforening.dk\/?page_id=207#primaryimage"},"image":{"@id":"https:\/\/lystfiskerforening.dk\/?page_id=207#primaryimage"},"thumbnailUrl":"https:\/\/lystfiskerforening.dk\/wp-content\/uploads\/2017\/11\/machinery-2831327_640.png","datePublished":"2017-11-19T18:34:16+00:00","dateModified":"2017-11-19T18:35:56+00:00","breadcrumb":{"@id":"https:\/\/lystfiskerforening.dk\/?page_id=207#breadcrumb"},"inLanguage":"da-DK","potentialAction":[{"@type":"ReadAction","target":["https:\/\/lystfiskerforening.dk\/?page_id=207"]}]},{"@type":"ImageObject","inLanguage":"da-DK","@id":"https:\/\/lystfiskerforening.dk\/?page_id=207#primaryimage","url":"https:\/\/lystfiskerforening.dk\/wp-content\/uploads\/2017\/11\/machinery-2831327_640.png","contentUrl":"https:\/\/lystfiskerforening.dk\/wp-content\/uploads\/2017\/11\/machinery-2831327_640.png","width":622,"height":640},{"@type":"BreadcrumbList","@id":"https:\/\/lystfiskerforening.dk\/?page_id=207#breadcrumb","itemListElement":[{"@type":"ListItem","position":1,"name":"Hjem","item":"https:\/\/lystfiskerforening.dk\/"},{"@type":"ListItem","position":2,"name":"Repr\u00e6senteret i"}]},{"@type":"WebSite","@id":"https:\/\/lystfiskerforening.dk\/#website","url":"https:\/\/lystfiskerforening.dk\/","name":"Odder Sportsfiskerforening","description":"Stiftet i 1945","potentialAction":[{"@type":"SearchAction","target":{"@type":"EntryPoint","urlTemplate":"https:\/\/lystfiskerforening.dk\/?s={search_term_string}"},"query-input":{"@type":"PropertyValueSpecification","valueRequired":true,"valueName":"search_term_string"}}],"inLanguage":"da-DK"}]}},"_links":{"self":[{"href":"https:\/\/lystfiskerforening.dk\/index.php?rest_route=\/wp\/v2\/pages\/207","targetHints":{"allow":["GET"]}}],"collection":[{"href":"https:\/\/lystfiskerforening.dk\/index.php?rest_route=\/wp\/v2\/pages"}],"about":[{"href":"https:\/\/lystfiskerforening.dk\/index.php?rest_route=\/wp\/v2\/types\/page"}],"author":[{"embeddable":true,"href":"https:\/\/lystfiskerforening.dk\/index.php?rest_route=\/wp\/v2\/users\/1"}],"replies":[{"embeddable":true,"href":"https:\/\/lystfiskerforening.dk\/index.php?rest_route=%2Fwp%2Fv2%2Fcomments&post=207"}],"version-history":[{"count":5,"href":"https:\/\/lystfiskerforening.dk\/index.php?rest_route=\/wp\/v2\/pages\/207\/revisions"}],"predecessor-version":[{"id":213,"href":"https:\/\/lystfiskerforening.dk\/index.php?rest_route=\/wp\/v2\/pages\/207\/revisions\/213"}],"wp:featuredmedia":[{"embeddable":true,"href":"https:\/\/lystfiskerforening.dk\/index.php?rest_route=\/wp\/v2\/media\/208"}],"wp:attachment":[{"href":"https:\/\/lystfiskerforening.dk\/index.php?rest_route=%2Fwp%2Fv2%2Fmedia&parent=207"}],"curies":[{"name":"wp","href":"https:\/\/api.w.org\/{rel}","templated":true}]}}