{"id":198,"date":"2017-11-19T15:07:35","date_gmt":"2017-11-19T14:07:35","guid":{"rendered":"http:\/\/lystfiskerforening.dk\/?page_id=198"},"modified":"2017-11-19T15:07:53","modified_gmt":"2017-11-19T14:07:53","slug":"foreningen","status":"publish","type":"page","link":"https:\/\/lystfiskerforening.dk\/?page_id=198","title":{"rendered":"Foreningen"},"content":{"rendered":"<figure id=\"attachment_37\" aria-describedby=\"caption-attachment-37\" style=\"width: 203px\" class=\"wp-caption aligncenter\"><a href=\"https:\/\/lystfiskerforening.dk\/wp-content\/uploads\/2017\/11\/badge-2.png\" target=\"_blank\" rel=\"noopener\"><img loading=\"lazy\" decoding=\"async\" class=\"wp-image-37 size-full\" title=\"Foreningen\" src=\"https:\/\/lystfiskerforening.dk\/wp-content\/uploads\/2017\/11\/badge-2.png\" alt=\"\" width=\"203\" height=\"203\" srcset=\"https:\/\/lystfiskerforening.dk\/wp-content\/uploads\/2017\/11\/badge-2.png 203w, https:\/\/lystfiskerforening.dk\/wp-content\/uploads\/2017\/11\/badge-2-150x150.png 150w, https:\/\/lystfiskerforening.dk\/wp-content\/uploads\/2017\/11\/badge-2-160x160.png 160w, https:\/\/lystfiskerforening.dk\/wp-content\/uploads\/2017\/11\/badge-2-320x320.png 320w\" sizes=\"auto, (max-width: 203px) 100vw, 203px\" \/><\/a><figcaption id=\"caption-attachment-37\" class=\"wp-caption-text\">Foreningens logo<\/figcaption><\/figure>\n<p>&nbsp;<\/p>\n<p>Odder Sportsfiskerforening er en lille men meget aktiv forening,<span class=\"text_exposed_show\">\u00a0som har eget klublokale ved Stampem\u00f8llen p\u00e5 Stampm\u00f8llevej 57 i 8300 Odder. Foreningen blev stiftet i 1945 og er dermed en af landets \u00e6ldste Sportsfiskerforeninger.\u00a0<\/span><\/p>\n<p><span class=\"text_exposed_show\"><br \/>\nVi afholder klubaftener hver <strong>tirsdag<\/strong>, fra januar til juni og igen fra august til december. Vores klubaftner best\u00e5r prim\u00e6rt af kystfiskeri og hygge i vores lokaler.<\/span><\/p>\n<p>Foreningen r\u00e5der over eget v\u00e6rksted, og blandt vore medlemmer findes der eksperter indenfor n\u00e6sten et hvert omr\u00e5de, hvad ang\u00e5r sportsfiskeri.<\/p>\n<p>Vores interesser sp\u00e6nder lige fra medefiskeri i s\u00f8er over kystfiskeri og havfiskeri til fiskeri i \u00e5en. Den eneste form for fiskeri, vi ikke dyrker, er &#8211; garnfiskeri!<br \/>\nVi har b\u00e5de inkarnerede fluefiskere og spinnefiskere, og dem, der er til begge slags fiskeri.<\/p>\n<p>&nbsp;<\/p>\n<h5><strong><span class=\"text_exposed_show\">Rejser:<\/span><\/strong><\/h5>\n<p><span class=\"text_exposed_show\">Vi arrangerer ogs\u00e5 udlands rejser med fiskeri som hovedm\u00e5l, bl-a. har der v\u00e6ret ture til Gr\u00f8nland-Island-Canada-Sverige og Norge.<br \/>\n<\/span><\/p>\n<p>&nbsp;<\/p>\n<h5><span class=\"text_exposed_show\"><strong>B\u00e5de:<\/strong><\/span><\/h5>\n<p><span class=\"text_exposed_show\">Udover et godt klubliv i egne klublokaler, r\u00e5der vi ogs\u00e5 over to b\u00e5de, der er til fri afbenyttelse for vores medlemmer. Den ene b\u00e5d ligger ved Alr\u00f8, den anden st\u00e5r til afhentning. Til de to b\u00e5de h\u00f8rer der ogs\u00e5 en motor samt redningsveste, som ligeledes er til fri afbenyttelse for vores medlemmer i forbindelse med brug af vores b\u00e5de.<\/span><\/p>\n<p>&nbsp;<\/p>\n<h5><strong><span class=\"text_exposed_show\">Fiskeret:<\/span><\/strong><\/h5>\n<p><span class=\"text_exposed_show\">Vi r\u00e5der ogs\u00e5 over store dele af fiskeretten i Odder \u00c5, der som bekendt ikke er ret stor, men alligevel indeholder en god bestand af b\u00e5de hav\u00f8rreder og b\u00e6k\u00f8rreder, samt \u00e5l, n\u00e5r det ellers er s\u00e6son for d\u00e9t.<br \/>\n<\/span><\/p>\n<p><span class=\"text_exposed_show\"><br \/>\nSkulle du f\u00e5 lyst til at h\u00f8re n\u00e6rmere om, hvad vi ellers g\u00e5r og laver, er du velkommen til at kontakte et af Best. medlemmerne, eller du kan ogs\u00e5 bare kigge forbi en tirsdag aften nede p\u00e5 Stampem\u00f8llen.<\/span><\/p>\n<p>&nbsp;<\/p>\n<h5><strong>Lokalsamarbejde:<\/strong><\/h5>\n<p>Som forening deltager vi ogs\u00e5 aktivt i diverse arrangementer i lokalomr\u00e5det. Under dette h\u00f8rer Open By Night, Norsminde for fuld Sejl (NFFS), Odder Gadefestival, Odder Kr\u00e6mmermarked m.fl<\/p>\n<p>Vi har ogs\u00e5 et t\u00e6t samarbejde med Odder Kommune hvor vi arbejder p\u00e5 at aktivere byens unge, samt laver naturgenopretning rundt omkring i kommunens vandl\u00f8b. Eksempler p\u00e5 naturgenopretning kan v\u00e6re at genskabe gydebanker for Odder \u00c5\u00b4s stamme af vildhav\u00f8rreder.<\/p>\n<p>&nbsp;<\/p>\n<figure id=\"attachment_125\" aria-describedby=\"caption-attachment-125\" style=\"width: 1024px\" class=\"wp-caption aligncenter\"><a href=\"https:\/\/lystfiskerforening.dk\/wp-content\/uploads\/2017\/11\/i281756464699674083._szw1280h1280_.jpg\"><img loading=\"lazy\" decoding=\"async\" class=\"wp-image-125 size-large\" src=\"https:\/\/lystfiskerforening.dk\/wp-content\/uploads\/2017\/11\/i281756464699674083._szw1280h1280_-1024x682.jpg\" alt=\"\" width=\"1024\" height=\"682\" srcset=\"https:\/\/lystfiskerforening.dk\/wp-content\/uploads\/2017\/11\/i281756464699674083._szw1280h1280_-1024x682.jpg 1024w, https:\/\/lystfiskerforening.dk\/wp-content\/uploads\/2017\/11\/i281756464699674083._szw1280h1280_-300x200.jpg 300w, https:\/\/lystfiskerforening.dk\/wp-content\/uploads\/2017\/11\/i281756464699674083._szw1280h1280_-768x512.jpg 768w, https:\/\/lystfiskerforening.dk\/wp-content\/uploads\/2017\/11\/i281756464699674083._szw1280h1280_-700x466.jpg 700w, https:\/\/lystfiskerforening.dk\/wp-content\/uploads\/2017\/11\/i281756464699674083._szw1280h1280_-410x273.jpg 410w, https:\/\/lystfiskerforening.dk\/wp-content\/uploads\/2017\/11\/i281756464699674083._szw1280h1280_-100x67.jpg 100w, https:\/\/lystfiskerforening.dk\/wp-content\/uploads\/2017\/11\/i281756464699674083._szw1280h1280_-275x183.jpg 275w, https:\/\/lystfiskerforening.dk\/wp-content\/uploads\/2017\/11\/i281756464699674083._szw1280h1280_.jpg 1280w\" sizes=\"auto, (max-width: 1024px) 100vw, 1024px\" \/><\/a><figcaption id=\"caption-attachment-125\" class=\"wp-caption-text\">Vores bygning ved Stampm\u00f8llen<\/figcaption><\/figure>\n","protected":false},"excerpt":{"rendered":"<p>&nbsp; Odder Sportsfiskerforening er en lille men meget aktiv forening,\u00a0som har eget klublokale ved Stampem\u00f8llen p\u00e5 Stampm\u00f8llevej 57 i 8300 Odder. Foreningen blev stiftet i 1945 og er dermed en af landets \u00e6ldste Sportsfiskerforeninger.\u00a0 Vi afholder klubaftener hver tirsdag, fra januar til juni og igen fra august til december. Vores klubaftner best\u00e5r prim\u00e6rt af kystfiskeri [&hellip;]<\/p>\n","protected":false},"author":1,"featured_media":37,"parent":0,"menu_order":0,"comment_status":"closed","ping_status":"closed","template":"","meta":{"footnotes":""},"class_list":["post-198","page","type-page","status-publish","has-post-thumbnail","hentry"],"yoast_head":"<!-- This site is optimized with the Yoast SEO plugin v27.3 - https:\/\/yoast.com\/product\/yoast-seo-wordpress\/ -->\n<title>Foreningen - Odder Sportsfiskerforening<\/title>\n<meta name=\"robots\" content=\"index, follow, max-snippet:-1, max-image-preview:large, max-video-preview:-1\" \/>\n<link rel=\"canonical\" href=\"https:\/\/lystfiskerforening.dk\/?page_id=198\" \/>\n<meta property=\"og:locale\" content=\"da_DK\" \/>\n<meta property=\"og:type\" content=\"article\" \/>\n<meta property=\"og:title\" content=\"Foreningen - Odder Sportsfiskerforening\" \/>\n<meta property=\"og:description\" content=\"&nbsp; Odder Sportsfiskerforening er en lille men meget aktiv forening,\u00a0som har eget klublokale ved Stampem\u00f8llen p\u00e5 Stampm\u00f8llevej 57 i 8300 Odder. Foreningen blev stiftet i 1945 og er dermed en af landets \u00e6ldste Sportsfiskerforeninger.\u00a0 Vi afholder klubaftener hver tirsdag, fra januar til juni og igen fra august til december. Vores klubaftner best\u00e5r prim\u00e6rt af kystfiskeri [&hellip;]\" \/>\n<meta property=\"og:url\" content=\"https:\/\/lystfiskerforening.dk\/?page_id=198\" \/>\n<meta property=\"og:site_name\" content=\"Odder Sportsfiskerforening\" \/>\n<meta property=\"article:publisher\" content=\"https:\/\/www.facebook.com\/odderfisker\/\" \/>\n<meta property=\"article:modified_time\" content=\"2017-11-19T14:07:53+00:00\" \/>\n<meta property=\"og:image\" content=\"https:\/\/lystfiskerforening.dk\/wp-content\/uploads\/2017\/11\/badge-2.png\" \/>\n\t<meta property=\"og:image:width\" content=\"203\" \/>\n\t<meta property=\"og:image:height\" content=\"203\" \/>\n\t<meta property=\"og:image:type\" content=\"image\/png\" \/>\n<meta name=\"twitter:card\" content=\"summary_large_image\" \/>\n<meta name=\"twitter:label1\" content=\"Estimeret l\u00e6setid\" \/>\n\t<meta name=\"twitter:data1\" content=\"2 minutter\" \/>\n<script type=\"application\/ld+json\" class=\"yoast-schema-graph\">{\"@context\":\"https:\\\/\\\/schema.org\",\"@graph\":[{\"@type\":\"WebPage\",\"@id\":\"https:\\\/\\\/lystfiskerforening.dk\\\/?page_id=198\",\"url\":\"https:\\\/\\\/lystfiskerforening.dk\\\/?page_id=198\",\"name\":\"Foreningen - Odder Sportsfiskerforening\",\"isPartOf\":{\"@id\":\"https:\\\/\\\/lystfiskerforening.dk\\\/#website\"},\"primaryImageOfPage\":{\"@id\":\"https:\\\/\\\/lystfiskerforening.dk\\\/?page_id=198#primaryimage\"},\"image\":{\"@id\":\"https:\\\/\\\/lystfiskerforening.dk\\\/?page_id=198#primaryimage\"},\"thumbnailUrl\":\"https:\\\/\\\/lystfiskerforening.dk\\\/wp-content\\\/uploads\\\/2017\\\/11\\\/badge-2.png\",\"datePublished\":\"2017-11-19T14:07:35+00:00\",\"dateModified\":\"2017-11-19T14:07:53+00:00\",\"breadcrumb\":{\"@id\":\"https:\\\/\\\/lystfiskerforening.dk\\\/?page_id=198#breadcrumb\"},\"inLanguage\":\"da-DK\",\"potentialAction\":[{\"@type\":\"ReadAction\",\"target\":[\"https:\\\/\\\/lystfiskerforening.dk\\\/?page_id=198\"]}]},{\"@type\":\"ImageObject\",\"inLanguage\":\"da-DK\",\"@id\":\"https:\\\/\\\/lystfiskerforening.dk\\\/?page_id=198#primaryimage\",\"url\":\"https:\\\/\\\/lystfiskerforening.dk\\\/wp-content\\\/uploads\\\/2017\\\/11\\\/badge-2.png\",\"contentUrl\":\"https:\\\/\\\/lystfiskerforening.dk\\\/wp-content\\\/uploads\\\/2017\\\/11\\\/badge-2.png\",\"width\":203,\"height\":203},{\"@type\":\"BreadcrumbList\",\"@id\":\"https:\\\/\\\/lystfiskerforening.dk\\\/?page_id=198#breadcrumb\",\"itemListElement\":[{\"@type\":\"ListItem\",\"position\":1,\"name\":\"Hjem\",\"item\":\"https:\\\/\\\/lystfiskerforening.dk\\\/\"},{\"@type\":\"ListItem\",\"position\":2,\"name\":\"Foreningen\"}]},{\"@type\":\"WebSite\",\"@id\":\"https:\\\/\\\/lystfiskerforening.dk\\\/#website\",\"url\":\"https:\\\/\\\/lystfiskerforening.dk\\\/\",\"name\":\"Odder Sportsfiskerforening\",\"description\":\"Stiftet i 1945\",\"potentialAction\":[{\"@type\":\"SearchAction\",\"target\":{\"@type\":\"EntryPoint\",\"urlTemplate\":\"https:\\\/\\\/lystfiskerforening.dk\\\/?s={search_term_string}\"},\"query-input\":{\"@type\":\"PropertyValueSpecification\",\"valueRequired\":true,\"valueName\":\"search_term_string\"}}],\"inLanguage\":\"da-DK\"}]}<\/script>\n<!-- \/ Yoast SEO plugin. -->","yoast_head_json":{"title":"Foreningen - Odder Sportsfiskerforening","robots":{"index":"index","follow":"follow","max-snippet":"max-snippet:-1","max-image-preview":"max-image-preview:large","max-video-preview":"max-video-preview:-1"},"canonical":"https:\/\/lystfiskerforening.dk\/?page_id=198","og_locale":"da_DK","og_type":"article","og_title":"Foreningen - Odder Sportsfiskerforening","og_description":"&nbsp; Odder Sportsfiskerforening er en lille men meget aktiv forening,\u00a0som har eget klublokale ved Stampem\u00f8llen p\u00e5 Stampm\u00f8llevej 57 i 8300 Odder. Foreningen blev stiftet i 1945 og er dermed en af landets \u00e6ldste Sportsfiskerforeninger.\u00a0 Vi afholder klubaftener hver tirsdag, fra januar til juni og igen fra august til december. Vores klubaftner best\u00e5r prim\u00e6rt af kystfiskeri [&hellip;]","og_url":"https:\/\/lystfiskerforening.dk\/?page_id=198","og_site_name":"Odder Sportsfiskerforening","article_publisher":"https:\/\/www.facebook.com\/odderfisker\/","article_modified_time":"2017-11-19T14:07:53+00:00","og_image":[{"width":203,"height":203,"url":"https:\/\/lystfiskerforening.dk\/wp-content\/uploads\/2017\/11\/badge-2.png","type":"image\/png"}],"twitter_card":"summary_large_image","twitter_misc":{"Estimeret l\u00e6setid":"2 minutter"},"schema":{"@context":"https:\/\/schema.org","@graph":[{"@type":"WebPage","@id":"https:\/\/lystfiskerforening.dk\/?page_id=198","url":"https:\/\/lystfiskerforening.dk\/?page_id=198","name":"Foreningen - Odder Sportsfiskerforening","isPartOf":{"@id":"https:\/\/lystfiskerforening.dk\/#website"},"primaryImageOfPage":{"@id":"https:\/\/lystfiskerforening.dk\/?page_id=198#primaryimage"},"image":{"@id":"https:\/\/lystfiskerforening.dk\/?page_id=198#primaryimage"},"thumbnailUrl":"https:\/\/lystfiskerforening.dk\/wp-content\/uploads\/2017\/11\/badge-2.png","datePublished":"2017-11-19T14:07:35+00:00","dateModified":"2017-11-19T14:07:53+00:00","breadcrumb":{"@id":"https:\/\/lystfiskerforening.dk\/?page_id=198#breadcrumb"},"inLanguage":"da-DK","potentialAction":[{"@type":"ReadAction","target":["https:\/\/lystfiskerforening.dk\/?page_id=198"]}]},{"@type":"ImageObject","inLanguage":"da-DK","@id":"https:\/\/lystfiskerforening.dk\/?page_id=198#primaryimage","url":"https:\/\/lystfiskerforening.dk\/wp-content\/uploads\/2017\/11\/badge-2.png","contentUrl":"https:\/\/lystfiskerforening.dk\/wp-content\/uploads\/2017\/11\/badge-2.png","width":203,"height":203},{"@type":"BreadcrumbList","@id":"https:\/\/lystfiskerforening.dk\/?page_id=198#breadcrumb","itemListElement":[{"@type":"ListItem","position":1,"name":"Hjem","item":"https:\/\/lystfiskerforening.dk\/"},{"@type":"ListItem","position":2,"name":"Foreningen"}]},{"@type":"WebSite","@id":"https:\/\/lystfiskerforening.dk\/#website","url":"https:\/\/lystfiskerforening.dk\/","name":"Odder Sportsfiskerforening","description":"Stiftet i 1945","potentialAction":[{"@type":"SearchAction","target":{"@type":"EntryPoint","urlTemplate":"https:\/\/lystfiskerforening.dk\/?s={search_term_string}"},"query-input":{"@type":"PropertyValueSpecification","valueRequired":true,"valueName":"search_term_string"}}],"inLanguage":"da-DK"}]}},"_links":{"self":[{"href":"https:\/\/lystfiskerforening.dk\/index.php?rest_route=\/wp\/v2\/pages\/198","targetHints":{"allow":["GET"]}}],"collection":[{"href":"https:\/\/lystfiskerforening.dk\/index.php?rest_route=\/wp\/v2\/pages"}],"about":[{"href":"https:\/\/lystfiskerforening.dk\/index.php?rest_route=\/wp\/v2\/types\/page"}],"author":[{"embeddable":true,"href":"https:\/\/lystfiskerforening.dk\/index.php?rest_route=\/wp\/v2\/users\/1"}],"replies":[{"embeddable":true,"href":"https:\/\/lystfiskerforening.dk\/index.php?rest_route=%2Fwp%2Fv2%2Fcomments&post=198"}],"version-history":[{"count":4,"href":"https:\/\/lystfiskerforening.dk\/index.php?rest_route=\/wp\/v2\/pages\/198\/revisions"}],"predecessor-version":[{"id":17767,"href":"https:\/\/lystfiskerforening.dk\/index.php?rest_route=\/wp\/v2\/pages\/198\/revisions\/17767"}],"wp:featuredmedia":[{"embeddable":true,"href":"https:\/\/lystfiskerforening.dk\/index.php?rest_route=\/wp\/v2\/media\/37"}],"wp:attachment":[{"href":"https:\/\/lystfiskerforening.dk\/index.php?rest_route=%2Fwp%2Fv2%2Fmedia&parent=198"}],"curies":[{"name":"wp","href":"https:\/\/api.w.org\/{rel}","templated":true}]}}